{"id":427,"date":"2021-03-03T17:41:11","date_gmt":"2021-03-03T16:41:11","guid":{"rendered":"https:\/\/www.camart.it\/?page_id=427"},"modified":"2021-03-03T18:14:49","modified_gmt":"2021-03-03T17:14:49","slug":"privacy-policy-2","status":"publish","type":"page","link":"https:\/\/www.camart.it\/index.php\/privacy-policy-2\/","title":{"rendered":"Privacy policy"},"content":{"rendered":"\n<h4>Privacy policy sito web Cordnet.eu<\/h4>\n\n\n\n<h5>In questo documento sono descritte le modalit\u00e0 di gestione del sito web (\u201cCamart.it\u201d), con riferimento al trattamento di dati personali degli utenti (\u201cUtente \/ Utenti\u201d) che lo consultano. \u00c8 un\u2019informativa resa ai sensi dell\u2019art. 13 del D. Lgs. n. 196\/2003, cos\u00ec detto Codice in materia di protezione dei dati personali (di seguito \u201cCodice Privacy\u201d) e dell\u2019articolo 13 del Regolamento UE 679\/2016 (di seguito \u201cGDPR\u201d), a tutti coloro che visitano il Sito e interagiscono con i servizi web di Camart.it, accessibili attraverso il Sito.<\/h5>\n\n\n\n<h4>Camart. C.so Francia 1 Bis , Torino (To) 10138 Studio Medico. (di seguito \u201c Camart\u201d).<\/h4>\n\n\n\n<h5>QUALI TIPOLOGIE DI DATI TRATTIAMO<\/h5>\n\n\n\n<h6>DATI DI NAVIGAZIONE<\/h6>\n\n\n\n<p>I sistemi informatici e le procedure software preposte al funzionamento del Sito acquisiscono, nel corso del loro normale esercizio, alcuni dati personali la cui trasmissione \u00e8 implicita nell\u2019uso di protocolli di comunicazione di internet. Si tratta di informazioni che non sono raccolte per essere associate a soggetti identificati, ma che per la loro stessa natura potrebbero permettere di identificare gli utenti. In questa categoria di dati rientrano (i) gli indirizzi IP o i nomi di dominio dei computer utilizzati dagli Utenti che si connettono al Sito, (ii) gli indirizzi di notazione URI (Uniform Resource Identifier) delle risorse richieste, (iii) l\u2019orario della richiesta, (iv) il metodo utilizzato per sottoporre la richiesta al server, (v) la dimensione del file ottenuto in risposta, (vi) il codice numerico indicante lo stato della risposta data dal server (buon fine, errore) ed (vii) altri parametri relativi al sistema operativo e all\u2019ambiente informatico dell\u2019Utente. Questi dati vengono utilizzati al solo fine di ricavare informazioni statistiche anonime sull\u2019uso del Sito e per controllarne il corretto funzionamento e vengono cancellati immediatamente dopo l\u2019elaborazione.<\/p>\n\n\n\n<h6>COOKIE<\/h6>\n\n\n\n<p>Per il trattamento dei dati tramite cookie, si prega di prendere visione della relativa policy, disponibile sul sito <a href=\"https:\/\/www.camart.it\/index.php\/privacy-policy-2\/\" data-type=\"URL\" data-id=\"https:\/\/www.camart.it\/index.php\/privacy-policy-2\/\">Camart.it.<\/a><\/p>\n\n\n\n<h6>DATI FORNITI VOLONTARIAMENTE DALL\u2019UTENTE<\/h6>\n\n\n\n<p>Il Titolare tratta i dati personali, identificativi e non sensibili (dati identificativi, nome, cognome, indirizzo, telefono, e-mail) in seguito \u201cDati Personali\u201d o anche dati comunicati dall\u2019Utente al Titolare. L\u2019Utente si assume la responsabilit\u00e0 dei dati di terzi pubblicati o condivisi mediante il Sito web e garantisce di avere il diritto di comunicarli o diffonderli. L\u2019Utente dichiara di essere maggiorenne, liberando il Titolare da qualsiasi responsabilit\u00e0. Il trattamento ha ad oggetto le operazioni, o il complesso di operazioni concernenti:<br>a) i dati forniti per curriculum, contratti, offerte lavoro, richiesta informazioni, assicurazioni e contabilita\u2019.<\/p>\n\n\n\n<p>b) i dati forniti per l\u2019accesso alle aree Wi-fi .<\/p>\n\n\n\n<p>c) i dati raccolti anche tramite utilizzo di cookie, come indicato al precedente art. 2, su Camart relativi a richieste di informazioni\/preventivi, iscrizione a Newsletter, consultazione\/modifica del proprio profilo e e scaricamento applicazioni.<\/p>\n\n\n\n<p>d) i dati forniti accedendo a Camart utilizzando il modulo richiesta informazioni e contatti.<\/p>\n\n\n\n<p>e)per valutare la possibilita\u2019 di risolvere eventuali problemi, generare contatti di lavoro o curriculum.<\/p>\n\n\n\n<p>f)per contattarla al fine di programmare colloqui che si rendano necessari, utilizzando i dati di contatto da lei forniti.<\/p>\n\n\n\n<h6>PERCH\u00c9 TRATTIAMO I VOSTRI DATI E SU QUALI BASI GIURIDICHE<\/h6>\n\n\n\n<p>Il trattamento dei Dati Personali dell\u2019Utente da parte del Titolare \u00e8 finalizzato a:<\/p>\n\n\n\n<ul><li>perseguire, conformemente all\u2019art. 6.1, lett. f) del GDPR, un proprio legittimo interesse, consistente nel garantire la sicurezza del Sito e delle informazioni sullo stesso scambiate, ossia la capacit\u00e0 di tale Sito di resistere, a un dato livello di sicurezza, a eventi imprevisti o ad atti illeciti o dolosi che compromettano la disponibilit\u00e0, l\u2019autenticit\u00e0, l\u2019integrit\u00e0 e la riservatezza dei dati personali conservati o trasmessi e la sicurezza dei relativi servizi offerti o resi accessibili;<\/li><li>per valutare la possibilita\u2019 di risolvere eventuali problemi, generare contatti di lavoro o curriculum;<\/li><li>per contattarla al fine di programmare colloqui che si rendano necessari, utilizzando i dati di contatto da lei forniti.<\/li><li>per l\u2019assolvimento degli obblighi precontrattuali e contrattuali a seguito di richiesta di preventivi\/informazione,&nbsp; della fornitura del servizio Wi-fi e di eventuali obblighi di legge e\/o regolamentari (es. obblighi fiscali e contabili, etc.), controlli interni;<\/li><li>solo con suo specifico e distinto consenso, conformemente agli artt. 23 e 130 Codice della Privacy e art. 7 del GDPR per lo svolgimento di attivit\u00e0 strettamente funzionali dei servizi connessi. In particolare, i dati saranno trattati ai fini della gestione dei contratti e delle richieste informative;<\/li><li>solo con suo specifico e distinto consenso, conformemente agli artt. 23 e 130 Codice della Privacy e art. 7 del GDPR, per finalit\u00e0 di marketing: invio di newsletter e comunicazioni aventi contenuto promozionale, informativo e\/o pubblicitario in relazione a prodotti o servizi Camart. Titolare;<\/li><li>per esercitare i diritti del Titolare, ad esempio il diritto di difesa;<\/li><li>per adempiere agli obblighi previsti dalla legge, da un regolamento, dalla normativa comunitaria o da un ordine dell\u2019Autorit\u00e0.<br>Cordnet srl potr\u00e0 inviare all\u2019Utente comunicazioni&nbsp; relative a servizi e prodotti o informative del Titolare analoghi a quelli di cui il soggetto registrato ovvero il Dipendente , salvo dissenso da parte dell\u2019Utente come indicato all\u2019art. 130 comma 4 del Codice Privacy ovvero salvo il caso di esercizio del diritto all\u2019oblio di cui all\u2019art. 17 GDPR.<\/li><\/ul>\n\n\n\n<p>Attraverso la sua documentazione (o successivamente) Camart potrebbe raccogliere speciali categorie di dati personali come definite all\u2019art. 9 del Regolamento, quali ad esempio:<br>\u2013 dati idonei a rivelare l\u2019origine razziale o etnica;<br>\u2013 le opinioni politiche, le convinzioni religiose o filosofiche;<\/p>\n\n\n\n<p>\u2013 Dati medici;<br>\u2013 l\u2019appartenenza sindacale;<br>\u2013 dati relativi alla salute o alla vita sessuale o all\u2019orientamento sessuale della persona;<\/p>\n\n\n\n<p><br>L\u2019eventuale trattamento di tali dati avviene ai sensi dell\u2019art. 9(2)(a) del Regolamento, pertanto previo suo esplicito consenso e in conformit\u00e0 alle autorizzazioni&nbsp;<em>pro tempore<\/em>vigenti in materia di protezione dei dati personali. A tal proposito, se non strettamente necessario le chiediamo di non fornire tale tipo di informazioni; in caso contrario, qualora lei decidesse di fornirle, le viene richiesto di rilasciare un apposito consenso in ottemperanza alla vigente normativa in materia di protezione dei dati personali.<\/p>\n\n\n\n<p>COSA ACCADE IN CASO DI UN EVENTUALE RIFIUTO DI RISPONDERE<\/p>\n\n\n\n<p>A parte quanto specificato con riferimento ai dati di navigazione, che sono necessari al fine di consentire la corretta funzionalit\u00e0 del Sito, ai cookie, in relazione ai quali si prega di prendere visione della relativa cookie policy, gli Utenti sono liberi di fornire i propri Dati Personali per formulare richieste di informazioni.<\/p>\n\n\n\n<h6>COME TRATTIAMO I VOSTRI DATI<\/h6>\n\n\n\n<p>I Dati Personali sono trattati con sistemi informatici e automatizzati per il tempo necessario a conseguire gli scopi per cui sono raccolti. Si precisa, in particolare, che i dati personali dell\u2019Utente sono oggetto di trattamento da parte di soggetti debitamente autorizzati ed incaricati all\u2019assolvimento di tali compiti, costantemente identificati e\/o nominati, opportunamente istruiti e resi edotti dai vincoli imposti dalla legge e dal GDPR, nonch\u00e9 mediante l\u2019impiego di misure di sicurezza atte a garantire la tutela della riservatezza e ad evitare i rischi di perdita o distruzione, di accessi non autorizzati, di trattamenti non consentiti o non conformi alle finalit\u00e0 di cui sopra.<\/p>\n\n\n\n<h6>A CHI POSSIAMO COMUNICARE I VOSTRI DATI<\/h6>\n\n\n\n<p>I destinatari del trattamento dei tuoi dati personali sono Camart,&nbsp; e Societ\u00e0 incaricate, esterne o interne al gruppo Camart, autorizzate da Camart.<\/p>\n\n\n\n<p>In alcuni casi, Camart pu\u00f2 utilizzare fornitori e\/o partner (qualsiasi azienda che deve elaborare dati personali in base alle istruzioni di Camart) per l\u2019elaborazione di tutti o parte dei dati personali nel limite necessario per l\u2019esecuzione dei loro servizi (ad esempio: hosting di un sito, fornitura di servizi relativi al funzionamento del sito o richiesta informazioni o contatti di lavoro o subappalto). Questi ultimi sono contrattualmente obbligati a rispettare la riservatezza e la sicurezza dei dati personali che sono suscettibili di ricevere e ad usarli esclusivamente nell\u2019ambito dei servizi loro affidati da Camart.<\/p>\n\n\n\n<p>E\u2019 fatta salva, in ogni caso, la comunicazione di dati a societ\u00e0 espressamente incaricate a svolgere determinate prestazioni nell\u2019ambito dell\u2019attivit\u00e0 svolta dal Titolare e\/o, in generale, in suo favore, che opereranno in qualit\u00e0 di titolari autonomi e\/o responsabili del trattamento ex art. 28 GDPR, nonch\u00e9 la comunicazione e\/o diffusione di dati richiesti, in conformit\u00e0 alla legge, da forze di polizia, dall\u2019Autorit\u00e0 Giudiziaria, da organismi di informazione e sicurezza o da altri soggetti pubblici per finalit\u00e0 di difesa o di sicurezza dello Stato o di prevenzione, accertamento o repressione dei reati.<\/p>\n\n\n\n<p>I dati non sono soggetti a diffusione.<\/p>\n\n\n\n<h6>&nbsp;TRASFERIMENTO DEI DATI<\/h6>\n\n\n\n<p>I Dati Personali sono gestiti e conservati su server ubicati nel territorio dell\u2019Unione Europea. Resta in ogni caso inteso che il Titolare, ove si rendesse necessario, avr\u00e0 la facolt\u00e0 di spostare l\u2019ubicazione dei server in Italia e\/o nel territorio Unione Europea e\/o in Paesi extra \u2013 UE. In tal caso, il Titolare assicura sin da ora che il trasferimento dei dati extra-UE avverr\u00e0 in conformit\u00e0 alle disposizioni di legge e al GDPR applicabili stipulando, se necessario, accordi che garantiscano un livello di protezione adeguato e\/o adottando le clausole contrattuali standard previste dalla Commissione europea.<\/p>\n\n\n\n<h6>&nbsp;DIRITTI DELL\u2019INTERESSATO<\/h6>\n\n\n\n<p>Ai sensi dell\u2019art. 7 del Codice Privacy e degli artt. 15 e ss. del GDPR, l\u2019Utente ha il diritto di ottenere:<br>1. la conferma dell\u2019esistenza o meno di Dati Personali che lo riguardano, anche se non ancora registrati, la loro comunicazione in forma<br>intellegibile e l\u2019accesso agli stessi;<br>2. una copia dei Suoi Dati Personali;<br>3. la rettifica dei Suoi Dati Personali eventualmente inesatti;<br>4. la cancellazione dei Suoi Dati Personali;<br>5. la limitazione del trattamento dei Suoi Dati Personali;<br>6. in un formato strutturato, di uso comune e leggibile da dispositivo automatico i Dati Personali forniti;<br>7. l\u2019indicazione:<\/p>\n\n\n\n<ul><li>dell\u2019origine dei Dati Personali;<\/li><li>delle categorie di Dati Personali trattati;<\/li><li>delle finalit\u00e0 e modalit\u00e0 del trattamento;<\/li><li>della logica applicata in caso di trattamento effettuato con l\u2019ausilio di strumenti elettronici;<\/li><li>degli estremi identificativi del Titolare e degli eventuali responsabili;<\/li><li>del periodo di conservazione dei Dati Personali o dei criteri utili per la determinazione di tale periodo;<\/li><li>dei soggetti o delle categorie di soggetti ai quali i Dati Personali possono essere comunicati o che possono venirne a conoscenza in qualit\u00e0 di rappresentante designato nel territorio dello Stato, ovvero di responsabili;<\/li><li>l\u2019aggiornamento, la rettifica ovvero, quando Vi ha interesse, l\u2019integrazione dei dati;<\/li><li>la trasformazione in forma anonima o il blocco dei dati trattati in violazione di legge, compresi quelli di cui non \u00e8 necessaria la conservazione in relazione agli scopi per i quali i dati sono stati raccolti o successivamente trattati;<\/li><\/ul>\n\n\n\n<p>8. L\u2019Utente, inoltre, ha diritto di opporsi, in tutto o in parte:<\/p>\n\n\n\n<ul><li>per motivi legittimi, al trattamento dei Dati Personali che lo riguardano, ancorch\u00e9 pertinenti allo scopo della raccolta;<\/li><li>al trattamento di Dati Personali che lo riguardano a fini di invio di materiale pubblicitario o di&nbsp; ricerche di mercato o di comunicazione commerciale. Per esercitare i suddetti diritti, gli Utenti possono inviare una comunicazione all\u2019indirizzo di posta elettronica del Titolare, info@camart.it, indicando in oggetto \u201cPrivacy\u201d. La informiamo, da ultimo, che qualora ritenga che i Suoi diritti siano stati violati dal Titolare e\/o da un terzo, Lei ha il diritto di proporre reclamo al Garante per la Protezione dei Dati Personali e\/o ad altra autorit\u00e0 di controllo competente in forza del GDPR.<\/li><\/ul>\n\n\n\n<h6>PER QUANTO TEMPO TRATTIAMO E CONSERVIAMO I DATI PERSONALI<\/h6>\n\n\n\n<p>I Dati Personali dell\u2019Utente saranno trattati dal Titolare per il solo periodo di tempo necessario al raggiungimento delle finalit\u00e0 del trattamento , dopodich\u00e9 verranno conservati unicamente in esecuzione degli obblighi di legge vigenti in materia, per finalit\u00e0 di tipo amministrativo e\/o per far valere o difendere un proprio diritto. In particolare, per finalit\u00e0 di informative, i Dati Personali dell\u2019Utente saranno conservati dal Titolare al massimo per tre anni; per attivit\u00e0 di profilazione i Dati saranno conservati per un tempo non superiore a un anno.<\/p>\n\n\n\n<h6>MODIFICHE ALLA PRIVACY POLICY<\/h6>\n\n\n\n<p>Il presente documento costituisce la Privacy Policy dei siti &nbsp;<a rel=\"noreferrer noopener\" href=\"http:\/\/www.camart.it\" target=\"_blank\" data-type=\"URL\" data-id=\"http:\/\/www.camart.it\">www.camart.it<\/a>&nbsp;che pu\u00f2 essere, in qualsiasi momento, modificata e\/o aggiornata. Qualora il Titolare intenda trattare i Dati Personali degli Utenti per finalit\u00e0 diverse rispetto a quelle previste al precedente art. 3, si impegna a fornire agli Utenti, prima di tale ulteriore trattamento, adeguate informazioni in merito a tali diverse finalit\u00e0 e di effettuare tale ulteriore trattamento nel rispetto della normativa vigente.<\/p>\n\n\n\n<h6>RECLAMI<\/h6>\n\n\n\n<p>La informiamo, da ultimo, che qualora ritenga che i Suoi diritti siano stati violati dal Titolare, Lei ha il diritto di proporre reclamo al Garante per la Protezione dei Dati Personali e\/o ad altra autorit\u00e0 di controllo competente in forza del Regolamento. A questa pagina&nbsp;<a href=\"https:\/\/www.garanteprivacy.it\/web\/guest\/home\/docweb\/-\/docweb-display\/docweb\/36573\" target=\"_blank\" rel=\"noreferrer noopener\">https:\/\/www.garanteprivacy.it\/web\/guest\/home\/docweb\/-\/docweb-display\/docweb\/36573<\/a>&nbsp;La presente Privacy policy \u00e8 stata pubblicata il 23\/05\/2018. Eventuali aggiornamenti saranno pubblicati in questa pagina.<\/p>\n\n\n\n<p>Per l\u2019esercizio dei predetti diritti si potr\u00e0 inoltrare la richiesta&nbsp; al seguente indirizzo, reperibile anche sul sito internet della Societ\u00e0 (www.camart.it): 2021&nbsp;Camart.&nbsp;C.so Francia 1 Bis , Torino (To) 10138 Studio Medico.<\/p>\n","protected":false},"excerpt":{"rendered":"<p>Privacy policy sito web Cordnet.eu In questo documento sono descritte le modalit\u00e0 di gestione del sito web (\u201cCamart.it\u201d), con riferimento al trattamento di dati personali degli utenti (\u201cUtente \/ Utenti\u201d) che lo consultano. \u00c8 un\u2019informativa resa ai sensi dell\u2019art. 13 del D. Lgs. n. 196\/2003, cos\u00ec detto Codice in materia di protezione dei dati personali (di seguito \u201cCodice Privacy\u201d) e&#8230;<\/p>\n","protected":false},"author":1,"featured_media":0,"parent":0,"menu_order":0,"comment_status":"closed","ping_status":"closed","template":"page-templates\/full-width-container.php","meta":[],"yoast_head":"<!-- This site is optimized with the Yoast SEO plugin v15.9 - https:\/\/yoast.com\/wordpress\/plugins\/seo\/ -->\r\n<title>Privacy policy - Camart<\/title>\r\n<meta name=\"robots\" content=\"index, follow, max-snippet:-1, max-image-preview:large, max-video-preview:-1\" \/>\r\n<link rel=\"canonical\" href=\"https:\/\/www.camart.it\/index.php\/privacy-policy-2\/\" \/>\r\n<meta property=\"og:locale\" content=\"it_IT\" \/>\r\n<meta property=\"og:type\" content=\"article\" \/>\r\n<meta property=\"og:title\" content=\"Privacy policy - Camart\" \/>\r\n<meta property=\"og:description\" content=\"Privacy policy sito web Cordnet.eu In questo documento sono descritte le modalit\u00e0 di gestione del sito web (\u201cCamart.it\u201d), con riferimento al trattamento di dati personali degli utenti (\u201cUtente \/ Utenti\u201d) che lo consultano. \u00c8 un\u2019informativa resa ai sensi dell\u2019art. 13 del D. Lgs. n. 196\/2003, cos\u00ec detto Codice in materia di protezione dei dati personali (di seguito \u201cCodice Privacy\u201d) e...\" \/>\r\n<meta property=\"og:url\" content=\"https:\/\/www.camart.it\/index.php\/privacy-policy-2\/\" \/>\r\n<meta property=\"og:site_name\" content=\"Camart\" \/>\r\n<meta property=\"article:modified_time\" content=\"2021-03-03T17:14:49+00:00\" \/>\r\n<meta name=\"twitter:card\" content=\"summary_large_image\" \/>\r\n<meta name=\"twitter:label1\" content=\"Tempo di lettura stimato\">\n\t<meta name=\"twitter:data1\" content=\"11 minuti\">\r\n<script type=\"application\/ld+json\" class=\"yoast-schema-graph\">{\"@context\":\"https:\/\/schema.org\",\"@graph\":[{\"@type\":\"Organization\",\"@id\":\"https:\/\/www.camart.it\/#organization\",\"name\":\"Camart\",\"url\":\"https:\/\/www.camart.it\/\",\"sameAs\":[],\"logo\":{\"@type\":\"ImageObject\",\"@id\":\"https:\/\/www.camart.it\/#logo\",\"inLanguage\":\"it-IT\",\"url\":\"https:\/\/www.camart.it\/wp-content\/uploads\/2021\/03\/cropped-logo4A.png\",\"width\":585,\"height\":147,\"caption\":\"Camart\"},\"image\":{\"@id\":\"https:\/\/www.camart.it\/#logo\"}},{\"@type\":\"WebSite\",\"@id\":\"https:\/\/www.camart.it\/#website\",\"url\":\"https:\/\/www.camart.it\/\",\"name\":\"Camart\",\"description\":\"Studio Medico\",\"publisher\":{\"@id\":\"https:\/\/www.camart.it\/#organization\"},\"potentialAction\":[{\"@type\":\"SearchAction\",\"target\":\"https:\/\/www.camart.it\/?s={search_term_string}\",\"query-input\":\"required name=search_term_string\"}],\"inLanguage\":\"it-IT\"},{\"@type\":\"WebPage\",\"@id\":\"https:\/\/www.camart.it\/index.php\/privacy-policy-2\/#webpage\",\"url\":\"https:\/\/www.camart.it\/index.php\/privacy-policy-2\/\",\"name\":\"Privacy policy - Camart\",\"isPartOf\":{\"@id\":\"https:\/\/www.camart.it\/#website\"},\"datePublished\":\"2021-03-03T16:41:11+00:00\",\"dateModified\":\"2021-03-03T17:14:49+00:00\",\"breadcrumb\":{\"@id\":\"https:\/\/www.camart.it\/index.php\/privacy-policy-2\/#breadcrumb\"},\"inLanguage\":\"it-IT\",\"potentialAction\":[{\"@type\":\"ReadAction\",\"target\":[\"https:\/\/www.camart.it\/index.php\/privacy-policy-2\/\"]}]},{\"@type\":\"BreadcrumbList\",\"@id\":\"https:\/\/www.camart.it\/index.php\/privacy-policy-2\/#breadcrumb\",\"itemListElement\":[{\"@type\":\"ListItem\",\"position\":1,\"item\":{\"@type\":\"WebPage\",\"@id\":\"https:\/\/www.camart.it\/\",\"url\":\"https:\/\/www.camart.it\/\",\"name\":\"Home\"}},{\"@type\":\"ListItem\",\"position\":2,\"item\":{\"@type\":\"WebPage\",\"@id\":\"https:\/\/www.camart.it\/index.php\/privacy-policy-2\/\",\"url\":\"https:\/\/www.camart.it\/index.php\/privacy-policy-2\/\",\"name\":\"Privacy policy\"}}]}]}<\/script>\r\n<!-- \/ Yoast SEO plugin. -->","_links":{"self":[{"href":"https:\/\/www.camart.it\/index.php\/wp-json\/wp\/v2\/pages\/427"}],"collection":[{"href":"https:\/\/www.camart.it\/index.php\/wp-json\/wp\/v2\/pages"}],"about":[{"href":"https:\/\/www.camart.it\/index.php\/wp-json\/wp\/v2\/types\/page"}],"author":[{"embeddable":true,"href":"https:\/\/www.camart.it\/index.php\/wp-json\/wp\/v2\/users\/1"}],"replies":[{"embeddable":true,"href":"https:\/\/www.camart.it\/index.php\/wp-json\/wp\/v2\/comments?post=427"}],"version-history":[{"count":3,"href":"https:\/\/www.camart.it\/index.php\/wp-json\/wp\/v2\/pages\/427\/revisions"}],"predecessor-version":[{"id":441,"href":"https:\/\/www.camart.it\/index.php\/wp-json\/wp\/v2\/pages\/427\/revisions\/441"}],"wp:attachment":[{"href":"https:\/\/www.camart.it\/index.php\/wp-json\/wp\/v2\/media?parent=427"}],"curies":[{"name":"wp","href":"https:\/\/api.w.org\/{rel}","templated":true}]}}